{"id":18,"date":"2019-05-07T18:26:13","date_gmt":"2019-05-07T18:26:13","guid":{"rendered":"http:\/\/taxi-hvar-mladen.hr\/?page_id=18"},"modified":"2024-06-20T09:21:41","modified_gmt":"2024-06-20T09:21:41","slug":"taksi-hvar","status":"publish","type":"page","link":"http:\/\/taxi-hvar-mladen.hr\/hr\/","title":{"rendered":"Taksi Hvar"},"content":{"rendered":"<p>\n\t\t\t\t\t\t\tTaxi Hvar\n\t\t\t\t\t<\/p>\n<p>\t\t\t<a href=\"#\"><br \/>\n\t\t\t\t\t\t\t\t\tTrebate prijevoz? Nazovite nas na 00 385 99 778 2858<br \/>\n\t\t\t\t\t<\/a><\/p>\n<h4>\n\t\t\t\t\t\t\tTrebate prijevoz na Hvaru ?<br \/>\n\t\t\t\t\t<\/h4>\n<p>\n\t\t\t\t\t\tTaksi Hvar Mladen na usluzi je 24h 7 dana u tjednu. Nudimo Vam sigurnu i ugodnu vo\u017enju kroz otok Hvar sa iskusnim voza\u010dima i potpuno opremljenim vozilom uz najpovoljnije cijene.<br \/>\n<br \/>Nudimo vam prijevoz od prvog dolaska na otok, od luke u Starom gradu ili od bilo kojeg drugog odredi\u0161ta na cijelom otoku Hvaru. Za sve informacije o transferu, izletu ili rezervaciji slobodno nas kontaktirajte nas na mob:<br \/>\nMladen +385 99 778 2858\t\t\t\t\t<\/p>\n<p>\t\t\t\t\t\t\t\t\t\t\t\t\t<img fetchpriority=\"high\" decoding=\"async\" width=\"1024\" height=\"703\" src=\"http:\/\/taxi-hvar-mladen.hr\/wp-content\/uploads\/2019\/05\/taxihvarMLADEN-1024x703.jpg\" alt=\"\" srcset=\"https:\/\/taxi-hvar-mladen.hr\/wp-content\/uploads\/2019\/05\/taxihvarMLADEN-1024x703.jpg 1024w, https:\/\/taxi-hvar-mladen.hr\/wp-content\/uploads\/2019\/05\/taxihvarMLADEN-300x206.jpg 300w, https:\/\/taxi-hvar-mladen.hr\/wp-content\/uploads\/2019\/05\/taxihvarMLADEN-768x528.jpg 768w, https:\/\/taxi-hvar-mladen.hr\/wp-content\/uploads\/2019\/05\/taxihvarMLADEN.jpg 1511w\" sizes=\"(max-width: 1024px) 100vw, 1024px\" \/>\t\t\t\t\t\t\t\t\t\t\t\t\t<\/p>\n<h4>NA\u0160E USLUGE<\/h4>\n<figure><img decoding=\"async\" width=\"525\" height=\"523\" src=\"http:\/\/taxi-hvar-mladen.hr\/wp-content\/uploads\/2019\/05\/24.jpg\" alt=\"\" \/><\/figure>\n<h3>USLUGA PRIJEVOZA 0-24<\/h3>\n<figure><img decoding=\"async\" width=\"593\" height=\"531\" src=\"http:\/\/taxi-hvar-mladen.hr\/wp-content\/uploads\/2019\/05\/rest.jpg\" alt=\"\" \/><\/figure>\n<h3>POSJETITE DOMA\u0106E RESTORANE<\/h3>\n<figure><img loading=\"lazy\" decoding=\"async\" width=\"523\" height=\"517\" src=\"http:\/\/taxi-hvar-mladen.hr\/wp-content\/uploads\/2019\/05\/taxiicibn.jpg\" alt=\"\" \/><\/figure>\n<h3>TAKSI 4 PUTNIKA<\/h3>\n<figure><img loading=\"lazy\" decoding=\"async\" width=\"522\" height=\"517\" src=\"http:\/\/taxi-hvar-mladen.hr\/wp-content\/uploads\/2019\/05\/island.jpg\" alt=\"\" \/><\/figure>\n<h3>TAKSI VO\u017dNJA KROZ HVAR<\/h3>\n<h1>CJENIK<\/h1>\n<ul>\n<li>po\u010detak vo\u017enje <strong>5\u20ac<\/strong><\/li>\n<li>vo\u017enja po kilometru <strong>2\u20ac<\/strong><\/li>\n<li>vo\u017enja popodne od 13:00 do 22:00 &#8211; <strong>2,5\u20ac<\/strong><\/li>\n<li>vo\u017enja po kilometru ( no\u0107na vo\u017enja, vo\u017enja nedjeljom i u dane dr\u017eavnih blagdana) <strong>3\u20ac<\/strong><\/li>\n<li>vrijeme \u010dekanja po satu <strong>10\u20ac<\/strong><\/li>\n<li>prtljaga po komadu <strong>1\u20ac<\/strong><\/li>\n<li>ku\u0107ni ljubimci po dogovoru<\/li>\n<\/ul>\n<p>Cijena na poziv na relaciji Stari Grad \u2013 Hvar <br \/><em><strong>35 \u20ac<\/strong><\/em><\/p>\n<p>\t\t\t\t\t\t\t\t\t\t\t\t\t<img loading=\"lazy\" decoding=\"async\" width=\"300\" height=\"302\" src=\"http:\/\/taxi-hvar-mladen.hr\/wp-content\/uploads\/2019\/05\/bestpriceguarantee.gif\" alt=\"\" \/><br \/>\n\t\t\t<a href=\"https:\/\/www.facebook.com\/taxi.hvar.mladen\" target=\"_blank\" rel=\"noopener\"><br \/>\n\t\t\t\t\t\t<\/a><br \/>\n\t\t\t<a href=\"https:\/\/posts.gle\/Lyi8\" target=\"_blank\" rel=\"noopener\"><br \/>\n\t\t\t\t\t\t<\/a><\/p>\n","protected":false},"excerpt":{"rendered":"<p>Taxi Hvar Trebate prijevoz? Nazovite nas na 00 385 99 778 2858 Trebate prijevoz na Hvaru ? Taksi Hvar Mladen na usluzi je 24h 7 dana u tjednu. Nudimo Vam sigurnu i ugodnu vo\u017enju kroz otok Hvar sa iskusnim voza\u010dima i potpuno opremljenim vozilom uz najpovoljnije cijene. Nudimo vam prijevoz od prvog dolaska na otok, [&hellip;]<\/p>\n","protected":false},"author":1,"featured_media":0,"parent":0,"menu_order":0,"comment_status":"closed","ping_status":"closed","template":"","meta":{"ocean_post_layout":"full-screen","ocean_both_sidebars_style":"","ocean_both_sidebars_content_width":0,"ocean_both_sidebars_sidebars_width":0,"ocean_sidebar":"0","ocean_second_sidebar":"0","ocean_disable_margins":"enable","ocean_add_body_class":"","ocean_shortcode_before_top_bar":"","ocean_shortcode_after_top_bar":"","ocean_shortcode_before_header":"","ocean_shortcode_after_header":"","ocean_has_shortcode":"","ocean_shortcode_after_title":"","ocean_shortcode_before_footer_widgets":"","ocean_shortcode_after_footer_widgets":"","ocean_shortcode_before_footer_bottom":"","ocean_shortcode_after_footer_bottom":"","ocean_display_top_bar":"default","ocean_display_header":"default","ocean_header_style":"","ocean_center_header_left_menu":"0","ocean_custom_header_template":"0","ocean_custom_logo":0,"ocean_custom_retina_logo":0,"ocean_custom_logo_max_width":0,"ocean_custom_logo_tablet_max_width":0,"ocean_custom_logo_mobile_max_width":0,"ocean_custom_logo_max_height":0,"ocean_custom_logo_tablet_max_height":0,"ocean_custom_logo_mobile_max_height":0,"ocean_header_custom_menu":"0","ocean_menu_typo_font_family":"0","ocean_menu_typo_font_subset":"","ocean_menu_typo_font_size":0,"ocean_menu_typo_font_size_tablet":0,"ocean_menu_typo_font_size_mobile":0,"ocean_menu_typo_font_size_unit":"px","ocean_menu_typo_font_weight":"","ocean_menu_typo_font_weight_tablet":"","ocean_menu_typo_font_weight_mobile":"","ocean_menu_typo_transform":"","ocean_menu_typo_transform_tablet":"","ocean_menu_typo_transform_mobile":"","ocean_menu_typo_line_height":0,"ocean_menu_typo_line_height_tablet":0,"ocean_menu_typo_line_height_mobile":0,"ocean_menu_typo_line_height_unit":"","ocean_menu_typo_spacing":0,"ocean_menu_typo_spacing_tablet":0,"ocean_menu_typo_spacing_mobile":0,"ocean_menu_typo_spacing_unit":"","ocean_menu_link_color":"","ocean_menu_link_color_hover":"","ocean_menu_link_color_active":"","ocean_menu_link_background":"","ocean_menu_link_hover_background":"","ocean_menu_link_active_background":"","ocean_menu_social_links_bg":"","ocean_menu_social_hover_links_bg":"","ocean_menu_social_links_color":"","ocean_menu_social_hover_links_color":"","ocean_disable_title":"on","ocean_disable_heading":"default","ocean_post_title":"","ocean_post_subheading":"","ocean_post_title_style":"","ocean_post_title_background_color":"","ocean_post_title_background":0,"ocean_post_title_bg_image_position":"","ocean_post_title_bg_image_attachment":"","ocean_post_title_bg_image_repeat":"","ocean_post_title_bg_image_size":"","ocean_post_title_height":0,"ocean_post_title_bg_overlay":0.5,"ocean_post_title_bg_overlay_color":"","ocean_disable_breadcrumbs":"default","ocean_breadcrumbs_color":"","ocean_breadcrumbs_separator_color":"","ocean_breadcrumbs_links_color":"","ocean_breadcrumbs_links_hover_color":"","ocean_display_footer_widgets":"default","ocean_display_footer_bottom":"default","ocean_custom_footer_template":"0","footnotes":""},"class_list":["post-18","page","type-page","status-publish","hentry","entry"],"translation":{"provider":"WPGlobus","version":"2.12.2","language":"hr","enabled_languages":["en","hr"],"languages":{"en":{"title":true,"content":true,"excerpt":false},"hr":{"title":true,"content":true,"excerpt":false}}},"_links":{"self":[{"href":"http:\/\/taxi-hvar-mladen.hr\/hr\/wp-json\/wp\/v2\/pages\/18","targetHints":{"allow":["GET"]}}],"collection":[{"href":"http:\/\/taxi-hvar-mladen.hr\/hr\/wp-json\/wp\/v2\/pages"}],"about":[{"href":"http:\/\/taxi-hvar-mladen.hr\/hr\/wp-json\/wp\/v2\/types\/page"}],"author":[{"embeddable":true,"href":"http:\/\/taxi-hvar-mladen.hr\/hr\/wp-json\/wp\/v2\/users\/1"}],"replies":[{"embeddable":true,"href":"http:\/\/taxi-hvar-mladen.hr\/hr\/wp-json\/wp\/v2\/comments?post=18"}],"version-history":[{"count":283,"href":"http:\/\/taxi-hvar-mladen.hr\/hr\/wp-json\/wp\/v2\/pages\/18\/revisions"}],"predecessor-version":[{"id":598,"href":"http:\/\/taxi-hvar-mladen.hr\/hr\/wp-json\/wp\/v2\/pages\/18\/revisions\/598"}],"wp:attachment":[{"href":"http:\/\/taxi-hvar-mladen.hr\/hr\/wp-json\/wp\/v2\/media?parent=18"}],"curies":[{"name":"wp","href":"https:\/\/api.w.org\/{rel}","templated":true}]}}

<p>
							Taxi Hvar
					</p>
<p>			<a href="#"><br />
									Trebate prijevoz? Nazovite nas na 00 385 99 778 2858<br />
					</a></p>
<h4>
							Trebate prijevoz na Hvaru ?<br />
					</h4>
<p>
						Taksi Hvar Mladen na usluzi je 24h 7 dana u tjednu. Nudimo Vam sigurnu i ugodnu vožnju kroz otok Hvar sa iskusnim vozačima i potpuno opremljenim vozilom uz najpovoljnije cijene.<br />
<br />Nudimo vam prijevoz od prvog dolaska na otok, od luke u Starom gradu ili od bilo kojeg drugog odredišta na cijelom otoku Hvaru. Za sve informacije o transferu, izletu ili rezervaciji slobodno nas kontaktirajte nas na mob:<br />
Mladen +385 99 778 2858					</p>
<p>													<img fetchpriority="high" decoding="async" width="1024" height="703" src="http://taxi-hvar-mladen.hr/wp-content/uploads/2019/05/taxihvarMLADEN-1024x703.jpg" alt="" srcset="https://taxi-hvar-mladen.hr/wp-content/uploads/2019/05/taxihvarMLADEN-1024x703.jpg 1024w, https://taxi-hvar-mladen.hr/wp-content/uploads/2019/05/taxihvarMLADEN-300x206.jpg 300w, https://taxi-hvar-mladen.hr/wp-content/uploads/2019/05/taxihvarMLADEN-768x528.jpg 768w, https://taxi-hvar-mladen.hr/wp-content/uploads/2019/05/taxihvarMLADEN.jpg 1511w" sizes="(max-width: 1024px) 100vw, 1024px" />													</p>
<h4>NAŠE USLUGE</h4>
<figure><img decoding="async" width="525" height="523" src="http://taxi-hvar-mladen.hr/wp-content/uploads/2019/05/24.jpg" alt="" /></figure>
<h3>USLUGA PRIJEVOZA 0-24</h3>
<figure><img decoding="async" width="593" height="531" src="http://taxi-hvar-mladen.hr/wp-content/uploads/2019/05/rest.jpg" alt="" /></figure>
<h3>POSJETITE DOMAĆE RESTORANE</h3>
<figure><img loading="lazy" decoding="async" width="523" height="517" src="http://taxi-hvar-mladen.hr/wp-content/uploads/2019/05/taxiicibn.jpg" alt="" /></figure>
<h3>TAKSI 4 PUTNIKA</h3>
<figure><img loading="lazy" decoding="async" width="522" height="517" src="http://taxi-hvar-mladen.hr/wp-content/uploads/2019/05/island.jpg" alt="" /></figure>
<h3>TAKSI VOŽNJA KROZ HVAR</h3>
<h1>CJENIK</h1>
<ul>
<li>početak vožnje <strong>5€</strong></li>
<li>vožnja po kilometru <strong>2€</strong></li>
<li>vožnja popodne od 13:00 do 22:00 &#8211; <strong>2,5€</strong></li>
<li>vožnja po kilometru ( noćna vožnja, vožnja nedjeljom i u dane državnih blagdana) <strong>3€</strong></li>
<li>vrijeme čekanja po satu <strong>10€</strong></li>
<li>prtljaga po komadu <strong>1€</strong></li>
<li>kućni ljubimci po dogovoru</li>
</ul>
<p>Cijena na poziv na relaciji Stari Grad – Hvar <br /><em><strong>35 €</strong></em></p>
<p>													<img loading="lazy" decoding="async" width="300" height="302" src="http://taxi-hvar-mladen.hr/wp-content/uploads/2019/05/bestpriceguarantee.gif" alt="" /><br />
			<a href="https://www.facebook.com/taxi.hvar.mladen" target="_blank" rel="noopener"><br />
						</a><br />
			<a href="https://posts.gle/Lyi8" target="_blank" rel="noopener"><br />
						</a></p>

<p>Taxi Hvar Trebate prijevoz? Nazovite nas na 00 385 99 778 2858 Trebate prijevoz na Hvaru ? Taksi Hvar Mladen na usluzi je 24h 7 dana u tjednu. Nudimo Vam sigurnu i ugodnu vožnju kroz otok Hvar sa iskusnim vozačima i potpuno opremljenim vozilom uz najpovoljnije cijene. Nudimo vam prijevoz od prvog dolaska na otok, [&hellip;]</p>
